z + 9676 = l*z. Is z composite?
True
Suppose -5*g = -2*m - 748451, -290466 = -4*g + m + 308293. Is g prime?
True
Let l be (1314/(-12) + 6)*-1916. Suppose 24*u - 6*u - l = 0. Is u prime?
False
Let d be (-6 - -1 - -17)*(-2)/(-3). Suppose 0 = d*n - 3*n - 25910. Is n/10 + 28/35 a composite number?
True
Is 84913*((-6)/(-24))/(1/4) prime?
True
Let s = 61597 - 24192. Suppose -42*i + 37*i + s = 0. Is i a prime number?
True
Let w be -1 - (-2 - -2 - 1). Let i = 2100 + -2097. Suppose w = -i*j + 1917 + 732. Is j composite?
False
Let v = 38053 + -2523. Suppose -30*c + 84140 + v = 0. Is c a prime number?
True
Suppose -12*q + 15*q - 5*r - 31918 = 0, -3*r - 21280 = -2*q. Let d = q + 46317. Is d prime?
True
Let i(n) = 2*n + 28. Let c be i(-13). Let g be (-247)/(-52) - c/(-8). Suppose -743 = -3*q + 5*m, 3*q + 4*m = g*q - 494. Is q a prime number?
True
Let b(k) = 1700*k + 187. Let w be b(24). Suppose -w = -16*s - s. Is s composite?
False
Let v = 60067 + -39005. Is v a composite number?
True
Let u(k) = -2*k + 50. Let i be u(-17). Is ((-34083)/i)/((-2)/8) a composite number?
True
Let t = 2211324 - 1181003. Is t composite?
True
Suppose -4*j = 3*q - 27, 2*q + 10 = 3*j - j. Let b(k) = 2 + 177*k + 6 - 9. Is b(j) prime?
True
Let t = -40 - -44. Suppose 0 = 4*j - t + 28. Is j + 8 - (3 - 332) composite?
False
Suppose 2*u = -4*m + 19806, -8454 = 2*u - 5*m - 28233. Let w = u + 754. Is w composite?
False
Is ((-74981081)/(-483))/((-1)/(-3)) a prime number?
True
Let y(u) = 14*u**2 - 8*u - 2. Let x be y(-3). Suppose 776 + x = 3*n. Suppose -n = -3*h - 35. Is h prime?
False
Is (-3658105)/(-88) + 21/(-56) composite?
True
Let x be 729 - (9 + 10*4/(-8)). Let d be 16/(-2*(-2)/88). Let l = x - d. Is l a prime number?
True
Suppose 922625 = 60*o - 2786755. Is o composite?
True
Let i be (-120)/(-25)*30/9. Let s(g) = 12*g + 36. Let t be s(i). Suppose -3357 = -7*r - t. Is r a composite number?
True
Let a(c) = 35*c**3 - 68*c**3 - 138 + 105 - 18*c - 11*c**2 + 34*c**3. Suppose 5*p - 24 - 46 = 0. Is a(p) a composite number?
True
Suppose 0 = 5*g - 7*g. Suppose 2 = -r - 2*b, g = -r - r + 4*b + 20. Suppose -r*u - 75 = -9*u. Is u a prime number?
False
Let o be (-1)/(1/(-6329)) + 21/(-7). Suppose -w = w - o. Is w a prime number?
True
Let l be 42/18 + (-2)/(-3). Suppose w - l = 2. Suppose 750 = 3*k + 3*r, 5*k - 246 = 4*k - w*r. Is k composite?
False
Let p = -28890 - -145012. Is p composite?
True
Is 386648/5 - 318/530 a prime number?
False
Suppose -3*d = 3*h + 3, 5*d - 2*d = 3*h + 3. Let v be h + -4 + 4 + (-9)/(-3). Suppose 5*j + 1334 = v*s, 4*j = 5*s - 2026 - 1343. Is s prime?
True
Let k = 756 + -752. Suppose 8219 = 25*w - 21*w - 5*c, -5*c = k*w - 8189. Is w prime?
False
Suppose -29*f + 116367 + 724484 + 2551540 = 0. Is f prime?
False
Let y(m) = -m**2 + 265*m**3 + 5*m - 74*m**3 + m**2 - 14. Is y(3) a prime number?
False
Suppose 27*s + 258369 - 4394580 = 0. Is s a composite number?
True
Is (-521416)/(-10) - 5*(390/(-250))/(-13) a composite number?
True
Suppose -x = z - 16, -3*z = -0*x - 5*x - 56. Let r(m) = -9 - 5 + 136*m - z. Is r(11) a composite number?
True
Let n be (-2)/7 - 86/28*-4. Suppose -n*j + 5*j = 28. Is 4 - -437 - j - -1 prime?
False
Suppose d - 2*w - 580957 = 0, -w + 279314 - 2603184 = -4*d. Is d a prime number?
True
Let w(c) = -363*c + 158. Suppose 0 = 6*h + 42 + 48. Is w(h) prime?
False
Let j = -35 + 37. Suppose 2*n - 3*n = -3*k + 14, j*k + 2*n - 20 = 0. Is 1078*3/k - -2 composite?
False
Let b = 27 + -19. Let f(u) = 10*u**2 + 5*u + 5. Let a be f(b). Suppose -5*i - 2*n = -6*n - a, 4*n = 2*i - 262. Is i composite?
True
Let g(q) = 3*q**2 + 32*q - 103. Let x be (-2 - (-2 + 4)) + -54 + 20. Is g(x) a prime number?
False
Let r(j) = -2222*j**3 + 979 + j**2 + 0*j + 3*j - 975 + 3*j. Suppose 3*w + 22 - 19 = 0. Is r(w) prime?
True
Let b(g) be the third derivative of -g**6/120 + g**5/10 + 5*g**4/24 + g**3/6 - 14*g**2. Let j be b(-9). Is j*-5*11/(-55) composite?
False
Let p = 12221 + -7968. Is p a prime number?
True
Suppose -23*t - 294 = -2*t. Let s(q) = 265*q**2 - 12*q - 77. Is s(t) composite?
True
Suppose -5*f + l = -531007, 4*f + 12*l = 9*l + 424798. Is f a prime number?
False
Let p be (-20)/6*21/(-14). Suppose p*k - 108 = 147. Is k prime?
False
Suppose 0 = -352*x + 333*x + 446519. Is x composite?
True
Let v = -222 - -56. Let t be v/(-10) + (-12)/20. Let l(p) = 10*p + 25. Is l(t) prime?
False
Let o(a) be the second derivative of 159*a**3 - 41*a**2/2 - 83*a. Is o(7) a prime number?
True
Let z = 40 + -40. Suppose 2*v + 4*o - 43718 = z, v - o = 23386 - 1518. Is v a composite number?
True
Suppose 1729 = -2*d + f - 10764, 5*f = -2*d - 12475. Let o = 9346 + d. Is o composite?
True
Let k(p) = 137*p**3 - 2*p**2 + 83*p - 157. Is k(20) a composite number?
False
Suppose -11*k = -190704 - 308443. Is k a prime number?
True
Suppose -h = -5*h - 2560. Let g = -377 - h. Let k = g + -136. Is k a prime number?
True
Suppose 14*n + 3*n - 2148386 - 246999 = 0. Is n a composite number?
True
Suppose 5*r = -7 + 2, -3*m - 2*r = -664165. Is m prime?
False
Let p(u) = -2*u - 4. Let s be p(-3). Suppose -3384 = -2*w - s*h, 10 = -h + 13. Is w composite?
True
Let y(c) = 7*c**2 - 114*c + 238. Is y(53) prime?
True
Is (-29 + 25)*37803/(-12) composite?
False
Suppose 2*s = -3*s + 15. Let h be (s - 1)/((-16)/(-40)). Is h/(30/18) - -952 a composite number?
True
Is 2569185/20 + 5/(-20) a composite number?
True
Suppose 25*t = 20*t + 13720. Suppose -3176 = -r + t. Suppose -w - r = -4*y, -3*y - y + 5908 = -4*w. Is y a prime number?
True
Suppose 57*r = 103*r - 4590662. Is r composite?
True
Let a = -358426 - -635673. Is a a composite number?
False
Suppose -25*h + 102507 + 51393 = 0. Suppose -5*k = -4*n - 18073, 2549 = -k - 3*n + h. Is k prime?
True
Let l(h) = h**3 - 9*h**2 - 12*h - 8. Let r be l(10). Is 3484 + (-4)/(r/21) a prime number?
False
Suppose 16*z - 5 = 11*z. Is ((-46)/(-46))/(z/1211) a prime number?
False
Let o = 285 + -283. Is 1/o*(1 + (20751 - 10)) a composite number?
True
Suppose 59*m - 66 = 37*m. Is -2*3 + ((-122457)/(-1))/m composite?
False
Is 6/21 + 6227245/14 - (-241)/(-482) a prime number?
True
Let f = -1010 - -1004. Let h(s) = s**2 - s + 1. Let v(q) = -42*q**2 - 9*q + 9. Let u(o) = -2*h(o) - v(o). Is u(f) a composite number?
True
Let q(f) = -6744*f + 255. Let o be q(-6). Let r = 65716 - o. Is r a prime number?
False
Suppose m + 13 - 16 = 0. Suppose -2*x = -m*j + j, 0 = -2*x - 8. Is 5074*(5 + j - 2/4) prime?
False
Suppose -3*s = -5*h - 4, 8 = 4*s - 2*h - 2. Suppose 10*n - 9*n = s. Suppose -46 = -n*x + 128. Is x composite?
True
Let v(g) = -g**3 + g - 1. Let y(f) = 9*f**3 + 10*f**2 - 2*f - 17. Let u(c) = 5*v(c) + y(c). Is u(7) composite?
False
Suppose -4*s - s = t + 10, 5*t + 4*s + 8 = 0. Let h be t/((-1)/1 + -3). Is -4 + 4 + h - -202 prime?
False
Suppose -20*r + 10 = -25*r. Let w be (-1)/r*(0/1)/2. Suppose w = 3*c - 7824 + 747. Is c a prime number?
False
Let i(z) = 8*z**3 + 82*z**2 - 27*z - 313. Is i(34) composite?
False
Let w(b) = -14*b. Let y be w(-1). Let c(p) = -13*p + 566*p**2 - 259*p**2 + 15 - 299*p**2. Is c(y) prime?
False
Is (156/104)/((-21)/(-18352754)) prime?
False
Let b(r) = r**3 + 18*r**2 + 5*r - 8. Let q = 28 + -25. Let i(t) = t**3 + 18*t**2 + 5*t - 9. Let k(s) = q*i(s) - 2*b(s). Is k(-9) a composite number?
False
Let r(v) = 74349*v**2 + 6*v + 39. Is r(2) prime?
False
Let y(q) = 6*q**3 - 2*q**2 - 44*q + 9. Is y(13) a prime number?
True
Suppose -5*d = -4*u - 13042, -5*u - 4*d - 6534 = -3*u. Let l = 6904 + u. Is l composite?
True
Suppose 10134 = 12*c - 4506. Suppose -5*a - 2*o = -32673 - c, 4*a - 27120 = 4*o. Is a composite?
False
Suppose 152649 = x - 4*s, -x = -2*x - 3*s + 152663. Is x a composite number?
False
Let v be 99/(-132) + 10519/4. Is 2 - (0/7 - v) composite?
True
Let v(x) = -2*x - 13. Let w be v(-9). Suppose -w*c = -14 - 1. Suppose 0*b - 1185 = -c*b. Is b composite?
True
Suppose -f - 5 = 0, -r = -2*f - 23228 + 7021. Suppose -6*t + 11997 + r = 0. Is t composite?
True
Is (3 + 2206857/9)/((-9)/((-135)/20)) a composite number?
False
Suppose 10*z - 26*z + 911515 = -76213. Is z a prime number?
False
Let j(m) = 67025*m**2 + m - 11. Is j(2) composite?
False
Let a = -89565 - 8963. Let x be a/(-12)*(-6)/(-4). Suppose 9*z = 5*z + x. Is z prime?
True
Let n be (-4)/(-1) + (-159)/3. Let u = -54 - n. Let p(l) = 5